sor of 66 and j.
66
Let g be (-1 + 10*1)*(-104)/156. Suppose 3*l + v = -11, 4*l - 4*v = -0*l + 12. Let h be l/(-3) + (-356)/g. What is the highest common factor of 15 and h?
15
Let y be 1 - 16 - (-8)/(-8). Suppose -42 - 27 = -3*l. Let w = l - y. Calculate the highest common factor of w and 13.
13
Let t(m) = 41*m**3 - m**2 - m. Let k be t(-1). Let x = 55 + k. What is the greatest common factor of 70 and x?
14
Suppose 4*k = 83 + 149. Calculate the greatest common factor of 2 and k.
2
Let a = 25 + -22. Suppose -194 = -a*d - 29. Suppose -4*c + 6*c = 10. Calculate the highest common factor of c and d.
5
Let o be 115 - (-9)/(-18)*18. What is the highest common divisor of 159 and o?
53
Let k = 103 + -73. Let b be (-848)/(-88) + -10 + 59/11. Calculate the highest common factor of k and b.
5
Let l = 258 + -257. Let k(m) = -m + 3. Let x be k(0). Suppose t + 3 = u - x*t, -5*u = -5*t - 45. What is the greatest common factor of u and l?
1
Suppose 16*z + 44 = 15*z. Let g = z + 65. Calculate the greatest common factor of 14 and g.
7
Let i be 14/(3 + -2 + 0). Suppose 2*j + i = 42. Suppose -208*f - 97 = 190*f - 893. Calculate the highest common factor of f and j.
2
Suppose 23*j = 63037 + 33149. Calculate the highest common factor of 41 and j.
41
Let a be (-2*6)/2*1. Suppose -2*h - x + 18 = x, 64 = 4*h - 3*x. Let d = h + a. Calculate the highest common divisor of 77 and d.
7
Let k be ((-288)/64)/((-3)/40). Let h(j) = -j**3 + 12*j**2 + 3*j + 4. Let c be h(12). Calculate the highest common divisor of c and k.
20
Suppose 2*a + m - 58 = -3*m, 3*a - 37 = 4*m. Let k = a - 14. Suppose -20 = k*f, 4*w + 4*f = -0*w + 84. Calculate the greatest common divisor of 175 and w.
25
Let u = 821 - 749. Calculate the greatest common divisor of 40 and u.
8
Let n = -5 - -13. Suppose 3 + 5 = -4*v. Let y = v - -6. What is the greatest common factor of n and y?
4
Let n be (94/6)/((-7)/(-21)). Calculate the greatest common factor of 141 and n.
47
Suppose -t = 5*v - 24, -5*t + 5*v + 7 + 83 = 0. Let z(u) = u + 137. Let a be z(0). Suppose -a = -o + 72. Calculate the greatest common divisor of o and t.
19
Suppose -4*q - 105 = s, 2*s = -q + 6*q - 158. Let j = 165 + s. Calculate the greatest common factor of j and 19.
19
Suppose 3*z = 3*x - 26 + 98, 3*z = 2*x + 67. Suppose -17*t = -z*t + 10. Suppose t = f - 17. Calculate the greatest common divisor of f and 33.
11
Let v(o) = -6*o**3 - 38*o**2 - o - 17. Let t be v(-7). What is the highest common factor of t and 24?
6
Suppose -5*j + 140 = -2*p, 2*j + 4*p + 84 = 5*j. Suppose 196 = 2*k + 3*a - 5*a, 0 = 2*k - a - 196. What is the highest common divisor of k and j?
14
Let g be (-33)/(-15) - (12/10 + -1). Let w be -4 + (g - 1) - -78. What is the greatest common factor of w and 30?
15
Let y = -163 - -268. Calculate the greatest common divisor of 63 and y.
21
Suppose 0 = 29*l - 34*l - 10. Let p(r) = 13*r**2 + 8*r + 3. Let y be p(l). Calculate the greatest common divisor of y and 13.
13
Let u(y) = -11*y**3 - y**2 + 2*y + 2. Let v be u(-1). Let f be -4*(-2 - 15/v). Let s be 35 + 1/(-2)*0. Calculate the highest common divisor of s and f.
7
Let n be (-25)/((-7)/(-798)*-15). Let i be (-8)/(-3)*15/4. What is the highest common factor of n and i?
10
Suppose -8*g + 32 = -6*g. Let a be -26 + 150 + 1/((-1)/(-4)). Calculate the greatest common factor of a and g.
16
Let h be (2 - -4 - 1) + (11 - -79). Calculate the highest common divisor of h and 19.
19
Let r = 51 + 4. What is the highest common divisor of 10 and r?
5
Let h(f) = -19*f - 16. Let l be h(-6). What is the greatest common factor of 1862 and l?
98
Let j = 53 - 52. Let p be 1/(-8) + (-584)/(-64). Calculate the greatest common divisor of p and j.
1
Suppose b - 7 = -2*x + 60, -3*b = -3. Let c = x - 25. What is the highest common factor of c and 104?
8
Suppose 4*c + 10*s = 8*s + 402, -5*c + 492 = -s. Calculate the greatest common divisor of c and 264.
33
Suppose 29 = 5*v - 4*d, -1 + 9 = 2*v + 2*d. Let c be (44/v)/(20/50). Calculate the greatest common divisor of 55 and c.
11
Suppose -3*n = -2*j - 338, -2*j = 2*n + j - 221. Let i = n + -80. Suppose -i = -s - s. Calculate the greatest common factor of s and 48.
16
Let q(i) = i + 6*i + 5*i - 2 - 5*i. Let s be q(3). Calculate the greatest common factor of 133 and s.
19
Suppose 0 = -5*i - 11*i + 528. Calculate the greatest common factor of 297 and i.
33
Let t be 1/(-5) - (543/(-15) + 2). Let j = t + -24. Let p be (25/(-10))/((-2)/16). What is the highest common divisor of p and j?
10
Let z(m) = -m**2 + 2*m + 16. Let l be z(0). Let j(g) = 23*g**2 + 5*g - 2. Let n be j(3). Let o = -108 + n. Calculate the greatest common divisor of l and o.
16
Let r(o) = 3*o + 12. Let y be r(-6). Let c(g) = -2*g**2 + 8 + g**3 + 8*g**2 + 0*g**2. Let b be c(y). What is the highest common divisor of b and 16?
8
Let k(r) = 2*r - 4. Let p = 163 - 158. Let b be k(p). What is the greatest common divisor of b and 12?
6
Let f be 25*((-40)/8 - -72). What is the greatest common divisor of 67 and f?
67
Let t be 2 + -1 - (-2 + -2). Let g = t + 0. Suppose 3*s - g = 3*h - 2*h, s - 3 = -h. Calculate the highest common divisor of 1 and s.
1
Let q be 91 + 4/((-36)/99). What is the highest common divisor of q and 2720?
80
Let g be (-82)/(-8) - (-4)/(-16). Let y = -515 + 525. Calculate the greatest common factor of y and g.
10
Let t be (-4 + -11 - -3)/(2/(-60)). What is the greatest common divisor of 45 and t?
45
Suppose 102*l = 651 + 267. Suppose -15 = -3*j - 0*j. Suppose d - 4*d - r = -107, 5 = -j*r. What is the greatest common divisor of l and d?
9
Suppose -2*b - 40 = -4*y, 4*y = -y + 4*b + 44. Let u(a) = -a**2 + 12*a + 8. Let o be u(y). Calculate the highest common divisor of 8 and o.
8
Let r(a) = -2906 + a + 44*a**3 + 2906. Let w be r(1). What is the greatest common divisor of 10 and w?
5
Suppose 157*h + 180 = 163*h. Calculate the greatest common divisor of h and 330.
30
Let s = -300 - -1175. Suppose 0 = -16*i + 21*i - s. Calculate the greatest common factor of i and 25.
25
Let u(n) = 28*n**2 - 2*n - 2. Let l be u(-1). What is the highest common factor of l and 7?
7
Suppose 31*z - 134 = 331. Calculate the greatest common divisor of z and 147.
3
Suppose 28 = q - 11. What is the greatest common factor of 312 and q?
39
Suppose -l - 6*l + 161 = 0. Suppose 115 = -b + 2*b. What is the highest common divisor of b and l?
23
Suppose -3*n = -2*n. Suppose n = -h + 86 - 14. Suppose 3*l = 5*l - 16. What is the greatest common divisor of l and h?
8
Suppose -3*s - 13 = -2*s. Let w = s - -9. Let n be (-3)/(-6) - 70/w. What is the highest common divisor of 45 and n?
9
Let d(r) = -r**2 - 10*r - 9. Let u be d(-7). Suppose 2*m - 8 = u. What is the greatest common divisor of m and 110?
10
Suppose 31*o - 21*o - 70 = 0. Calculate the highest common divisor of o and 35.
7
Suppose y + 4*g = -532, g = 4*y + 758 + 1302. Let t = -362 - y. Calculate the greatest common divisor of t and 44.
22
Suppose -3*k - 36 = -u, 4*u + k - 186 = -k. What is the highest common factor of u and 72?
9
Suppose -2*t + 4*w + 16 = 0, -3*w + 3 - 23 = -2*t. Let a be 1285/60*3 - (-2)/(-8). What is the greatest common factor of t and a?
16
Let d be 344/44 + 2/11. Let s = 98 - d. Calculate the highest common factor of s and 9.
9
Let j be 16/(-24)*(-2880)/5. What is the greatest common divisor of 288 and j?
96
Let h(y) = y**2 + 11*y - 2. Let d be h(-11). Let b = d - -6. Suppose -34 = -b*u + 26. What is the greatest common factor of 15 and u?
15
Let a(p) = 2*p - 4. Let v be a(0). Let k(j) = -j**3 - 4*j**2 - 5*j - 9. Let i be k(v). What is the greatest common divisor of 1 and i?
1
Let z be -2 + 1 - (-2 + -1). Suppose 1 = z*j - 17. What is the greatest common divisor of j and 45?
9
Let w(h) = 7*h. Let j = -5 + 10. Let b be w(j). Let l(s) = -39*s + 42. Let a be l(-7). Calculate the highest common factor of b and a.
35
Suppose -4*o - 16 = -2*j, -11*j + 68 = -7*j + o. Calculate the greatest common divisor of j and 1696.
16
Let q = -231 + 238. Calculate the highest common factor of 301 and q.
7
Let i(w) = -4*w + 39. Let d be i(9). Suppose -d*b - 174 = -5*k - 7*b, -2*k + 84 = -2*b. What is the greatest common factor of k and 114?
38
Suppose 2*s = 2*j + 1 - 7, 2*s = j - 4. Suppose -j*f + 0 = -4*i - 44, -3*f + 2*i + 54 = 0. What is the greatest common divi